12).
6
What is 36 - (-17 - (-7 + -24))?
22
What is -8 + (2 - (2 + -11 - -14)) + -5?
-16
Evaluate -2 + -2 + 4 - (-195 - -206).
-11
What is (-33 - -27) + -15 - (3 + 5 + 0)?
-29
Calculate -23 + (16 - (-10 + (-7 - -24))).
-14
What is the value of -4 + (7 - -11 - 9 - -22)?
27
What is the value of 2 + -1 - (-18 - -18) - (1 + 5)?
-5
What is the value of -348 + 355 + -24 + 0 - (7 + 0)?
-24
-4 + -19 - (-231 + 229)
-21
What is the value of (1 - 11) + 30 + -14 - -3 - 3?
6
Calculate -9 + 8 + 7 + -6.
0
What is (-14 - -20) + (-56 - 5) + 16?
-39
Evaluate 3 - ((-11 - 9) + 6).
17
What is the value of (17 - 22) + -19 + 14 - (-2 + -32)?
24
-10 - -20 - 4 - (-1 - (-5 + -1))
1
Calculate 6 + 2 + -2 - (21 - 8) - -1.
-6
What is the value of 0 + 13 - (-10 - -10 - -8)?
5
Calculate (20 - 38 - -23) + 16.
21
What is -7 + (-2 + 7 - 6) - (5 - 9)?
-4
Evaluate -9 + 11 + -14 - (-6 - -7).
-13
Evaluate (18 + -9 + 6 - 6) + 0.
9
Evaluate -30 + (-32 - (-41 - 9)).
-12
What is -18 - -8 - (-50 + 21)?
19
Calculate -3 + (-7 + 2 + 3 + -8 - -7).
-6
Calculate (-2 - (2 + -1)) + 8 + -60 + 58.
3
What is the value of (7 - -1) + (-5 - -2) + -83 + 78?
0
Calculate (-7 - (1 - 2 - (27 - 26))) + 7.
2
Calculate -8 - ((-10 - -11 - 7) + 6 + 7).
-15
Evaluate -30 + (-24 - -29) + 5 + 0.
-20
What is the value of (-13 - (7 - 13) - -12) + 1?
6
What is the value of -7 + 1 - (-37 + 33)?
-2
Evaluate 14 + (2 - -22 - (18 - 6)).
26
What is -5 - 1 - (-10 + 13)?
-9
Calculate -4 + -1 + -4 + 10 - -9.
10
Evaluate -4 + 8 - 12 - (4 - 0).
-12
What is (88 - 95) + (2 + 4 + -6 - 3)?
-10
What is the value of -82 + 81 + (16 - 3) + 11?
23
What is -17 + (1 - 5) + 8?
-13
Evaluate -8 + (14 - 5) + 1 + 4.
6
What is the value of -4 + (-10 + 14 - (-3 + 7)) - -13?
9
What is the value of 3 - -3 - (289 + -270)?
-13
Calculate 16 - -1 - (-13 - (3 + -11 + -4)).
18
What is 6 + 25 + -18 - -11 - (1 + 1)?
22
What is the value of 4 + 7 + (3 - 1 - (4 - 10))?
19
-21 - (11 + 15 - 40)
-7
Evaluate 14 - (27 - (7 + 2)).
-4
What is the value of (-12 - (-16 - (-11 + 5))) + -13?
-15
2 + 0 - (-35 - -53 - 15)
-1
What is the value of -4 + -3 + 7 + (13 - 12)?
1
Evaluate -3 - (-4 - (1 - (-4 + 11))) - 5.
-10
What is (41 - (-46 + 97)) + (1 - 5)?
-14
16 + -17 + 3 + -2 + (19 - 0)
19
-23 + (-18 - -11) + 14
-16
Calculate -9 + (6 - 1 - 13) + 1.
-16
What is the value of 18 + -1 - (7 + 0)?
10
(-5 - (-3 - (5 - 19))) + 1
-15
Calculate -37 + (4 - (-7 - 4)).
-22
Calculate (54 + -27 - 34) + 21.
14
Calculate 8 - (6 + (-29 - -18)) - 11.
2
What is -4 + -2 + -6 + 4?
-8
-7 - (-4 + 4 - 11) - (2 + -1)
3
What is -2 - (23 - 15 - 11) - (-1 - 18)?
20
(-28 - (-44 - -9)) + (16 - -5)
28
-3 + (-1 + 0 - (-15 + 21))
-10
7 + -1 + -22 + 10 + 6 + 1
1
What is -9 - 2 - (-2 + 8 - 36)?
19
Calculate (5 - 9) + (1 - -9 - 3).
3
Evaluate 7 - ((2 - (4 + (-3 - -3))) + -1).
10
Evaluate -5 + 1 + (99 - (-46 - -132)).
9
7 - ((1 - 6) + (24 - 24))
12
(-13 - -6) + -1 + 2 + -4 + 12
2
What is 11 + (-27 - -10) + 11?
5
What is 6 - (0 + -7 - 3 - -5 - -5)?
6
What is -7 + (14 - (19 - 5)) + -15?
-22
What is (8 - (13 - 12)) + 6?
13
Evaluate -2 + -7 + (0 - 1 - -13).
3
3 + 0 + 2 - (5 - (8 + 2))
10
9 - (-10 + 52 + -31)
-2
Evaluate 38 + 12 + -9 + -31.
10
Calculate -1 + 7 + (-124 + 123 - (-5 + 0)).
10
Evaluate (-2 - -1) + (2 - (15 + 2 - 11)).
-5
Calculate 1 + (3 - (-3 + (6 - (-13 - 0)))).
-12
13 + (0 - -4) - 11
6
30 + -16 - (8 - (-5 - -3))
4
What is (-2 - -14) + 3 - (-3 + 1)?
17
Evaluate (-1 - 6) + (1 + 4 - (153 + -143)).
-12
-30 - (-16 - -11) - -9
-16
-10 + 7 + -10 + 7 + (1 - -17)
12
Evaluate -1442 + 1444 - (-28 + 0).
30
Evaluate (27 + -15 - 18) + (2 - (-1 + -1)).
-2
Evaluate 14 - ((-76 - -77) + -3 + 16).
0
Calculate 1 + 8 + -8 + 9 + -10 + 9.
9
What is the value of -290 + 282 - (-2 + (3 - 1) + -9)?
1
-12 + -15 + 18 - -10
1
What is the value of 7 + 4 - (37 + -39)?
13
What is -11 - (0 - (10 - 15))?
-16
Calculate 1 + 12 + -32 - -1.
-18
What is 0 - (-6 + -13 + 7)?
12
What is -5 + (-6 - (-25 - (21 - 29)))?
6
Evaluate 0 + -11 + 2 - (-591 - -562).
20
Calculate 12 - (1 + 11 + (-45 - -60)).
-15
What is -3 - ((-2 - -2) + -33 + 19)?
11
What is (6 - -14) + -2 + (-4 - 2)?
12
What is -2 + -12 + 16 + -6?
-4
What is 0 + 10 + -18 + -15 - 18?
-41
Evaluate -4 + 12 + (7 - (4 - 0)) + 1.
12
-5 - (-10 - -4 - 15)
16
Calculate 1 + -8 + (13 - 6) + -7 + 2.
-5
Evaluate -11 + (2 - -1 - (59 - 49)).
-18
What is the value of 3 + -16 + (-12 - -23)?
-2
Calculate (-9 + 3 - -14) + -2 - 4.
2
What is 2 + 2 + (-2 - 1) - (524 + -556)?
33
Calculate -3 - (4 + -1 + -15).
9
26 - 8 - (31 - 23)
10
What is the value of -28 + 10 + 16 + 14?
12
What is the value of (7 - 15 - -3 - -13) + -5?
3
(-19 + 37 - (14 + -5 - -1)) + 30
38
Evaluate (783 - 796) + (42 - (-2 - -4)).
27
What is -14 - (-5 - 58 - -30)?
19
Evaluate 9 + -15 + (5 - 19) + 6 + 1.
-13
-1 + 20 + -43 + 18
-6
What is 9 + 0 + (-8 - -4) + (305 - 322)?
-12
1 + 0 + -4 + 0 + 10 + 9
16
-26 - -24 - (24 - (3 - 4) - 7)
-20
What is -22 + (-7 + 1 - -13) + 0?
-15
Calculate 19 + -19 + 39 + -44.
-5
Evaluate 61 - 43 - (5 - 3).
16
What is -20 + (-3 - -24) + 17?
18
What is the value of -7 - -16 - (4 + (3 - 11 - -2))?
11
7 + (0 - 22) + 35
20
What is the value of -14 + -15 + -8 + -17 + 30?
-24
Evaluate (-5 - 16) + 30 + -11.
-2
9 + (2 - ((-8 - -17) + 0)) + 8
10
Calculate (37 + -72 - -48) + -32.
-19
Evaluate (3 - -1 - -5) + 55 + -63.
1
30 - (5 + 2 + 3 + -53 + 48)
25
What is the value of -8 - (-1 + (-2 - -5 - 8))?
-2
(7 - 10) + 4 + (0 + 2 - 0)
3
What is (0 - 8 - (-1 + -1)) + 0 + 3?
-3
What is 10 + -8 + -9 + 9 - 14 - -8?
-4
Calculate (-5 - -12 - 5) + -7 - -5.
0
What is the value of -164 + 158 - (-27 + 0 - -1)?
20
What is the value of 8 + -30 + (14 - (11 + -2))?
-17
What is the value of -21 + 36 + -22 + (2 - -5 - -1)?
1
8 + (-7 - (-1 + -14) - 16)
0
What is the value of (-5 - -17 - 14) + (-3 - 1) + 21?
15
What is (0 + -1 - 12) + (123 - 115)?
-5
What is the value of 19 + (14 - 29) + -13?
-9
Calculate -6 + 2 + (-43 - -37).
-10
What is -18 - -3 - (433 + -455)?
7
-1 - (-7 + -9 + (25 - -7))
-17
What is the value of -13 + (-14 + 6 - (-32 + 48))?
-37
Calculate 16 + -29 - (-20 - -11).
-4
Calculate (11 - 63) + 8 - -25.
-19
Calculate -20 - 0 - (-16 - -19 - -6 - 6).
-23
What is (-9 - (10 - 16)) + (4 - -7)?
8
What is 1 - (6 + -9 - (1 - 2))?
3
Evaluate (34 - 28 - 1) + -1 + 10.
14
What is the value of (-4 - (3 - 6)) + 227 + -202?
24
What is the value of 5 + -12 + -2 + 9?
0
What is 6 + (9 - 11) + 3 + 11?
18
6 + (21 - 16 - 4)
7
2 + (11 - (-2 - -3)) + (180 - 182)
10
What is (-1 - 0) + 25 - (72 + -131 + 54)?
29
What is the value of (2 + 4 - (42 + -11)) + 17 + -7?
-15
13 + -8 - (-2 - -8 - 3)
2
What is (-6 - 1) + (-75 - (-89 + 17))?
-10
Calculate 7 + 21 + -32 - (-2 + 3 - 22).
17
Calculate 1 + -4 - 5 - 7 - -5.
-10
11 - -4 - -5 - (-5 + 11 - 10)
24
Calculate 40 - (30 + -33) - 15.
28
-6 + (9 - 13 - -9) + -3 + 0
-4
What is the value of (3 - -8) + -152 + 135?
-6
Evaluate 17 + 0 - 3 - 18.
-4
Calculate 0 + -3 - (-132 - -148).
-19
What is -93 + 83 - (6 + -4 + 2)?
-14
What is the value of 0 - -11 - (19 - 10) - -8?
10
Calculate 32 + -17 - (2 + (-1 - -11)).
3
Evaluate 17 + 3 + 3 + -15.
8
Calculate -33 + 13 - (-1 + -22).
3
What is -13 - ((16 + -51 - -17) + 0)?
5
What is the value of 25 + 1 - (-138 - -152)?
12
Calculate -1 - -2 - (-264 + 257).
8
What is -183 - -203 - (26 + -1)?
-5
Evaluate (5 - (4 + 6 + 0)) + 4 + -4.
-5
What is 32 - (13 + 70 + -21)?
-30
Calculate 25 + 1 + (32 - 45) + (5 - 0).
18
Calculate (-5 - (51 - 24)) + 29.
-3
Calculate -5 - (10 + -14) - -4 - (0 + -1).
4
Calculate 0 + (-9 - (1 + 12 - (-6 - -13))).
-15
What is -10 + 9 - ((-15 - (-1 + 0)) + 2)?
11
What is the value of 1 + (13 - (-8 + 4)) - (-199 + 190)?
27
What is the value of -1 - -12 - (-40 - (-20 - 38))?
-7
10 + (12 - (24 + -13 - 8))
19
Calculate 0 + 11 + (229 - 223).
17
94 + -63 - (8 - 2)
25
Calculate 11 + -3 + 0 - (8 - (14 + -24)).
-10
Calculate -15 - ((-2 + 7 + -11 - -4) + 4).
-17
Calculate 38 + -45 + (4 - -1 - (-21 - -7)).
12
Calculate 4 + (5 - 2) + -1 - (180 + -183).
9
What is 4 + -22 + (35 + -23 - 15)?
-21
What is the value of (20 - 22) + -18 + -3?
-23
Calculate 11 - ((19 - (0 + 6)) + -8) - 1.
5
What is (-2 - 13 - -4 - -26) + -16?
-1
Evaluate -6 - (-13 + -4) - 23.
-12
Evaluate (-1 - 6) + (15 - 7) + -15.
-14
Calculate 4 + 2 + -12 + -10 - -27.
11
Calculate 4 - (-7 - (-11 - -1)) - (8 + 3).
-10
W